{"id":2,"date":"2024-10-11T15:33:34","date_gmt":"2024-10-11T13:33:34","guid":{"rendered":"http:\/\/aviyzcf2oz.ph-expertise.com\/?page_id=2"},"modified":"2025-09-10T10:00:11","modified_gmt":"2025-09-10T08:00:11","slug":"page-d-exemple","status":"publish","type":"page","link":"https:\/\/aviyzcf2oz.ph-expertise.com\/","title":{"rendered":"Vers la conception d&rsquo;un Plan National des Maladies Rares en Alg\u00e9rie"},"content":{"rendered":"\t\t<div data-elementor-type=\"wp-page\" data-elementor-id=\"2\" class=\"elementor elementor-2\">\n\t\t\t\t<div class=\"elementor-element elementor-element-6666eaa e-flex e-con-boxed e-con e-parent\" data-id=\"6666eaa\" data-element_type=\"container\" data-e-type=\"container\">\n\t\t\t\t\t<div class=\"e-con-inner\">\n\t\t\t\t<div class=\"elementor-element elementor-element-5826876 elementor-widget elementor-widget-text-editor\" data-id=\"5826876\" data-element_type=\"widget\" data-e-type=\"widget\" data-widget_type=\"text-editor.default\">\n\t\t\t\t<div class=\"elementor-widget-container\">\n\t\t\t\t\t\t\t\t\t<h6><span style=\"color: #595757;\">Les maladies rares touchent aujourd\u2019hui pr\u00e8s de <strong>2 millions de personnes<\/strong> en Alg\u00e9rie, soit environ <strong>5% de la population<\/strong>. Pourtant, les solutions existantes restent insuffisantes : un diagnostic trop tardif, un acc\u00e8s difficile aux traitements et un manque de coordination p\u00e8sent lourdement sur les patients et le syst\u00e8me de sant\u00e9.<\/span><\/h6>\n<h6><span style=\"color: #595757; background-color: #ffffff;\">Pour r\u00e9pondre \u00e0 cette urgence, un projet pilote d\u00e9di\u00e9 aux\u00a0<\/span><strong style=\"color: #595757; background-color: #ffffff;\">maladies rares pulmonaires a \u00e9t\u00e9 lanc\u00e9<\/strong><span style=\"color: #595757; background-color: #ffffff;\">, premi\u00e8re \u00e9tape cl\u00e9 pour b\u00e2tir un\u00a0<\/span><strong style=\"color: #595757; background-color: #ffffff;\">Plan National structur\u00e9<\/strong><span style=\"color: #595757; background-color: #ffffff;\">. Ce projet vise \u00e0 mieux comprendre l\u2019environnement actuel, identifier les besoins prioritaires et proposer des solutions concr\u00e8tes pour am\u00e9liorer la prise en charge.<\/span><\/h6>\t\t\t\t\t\t\t\t<\/div>\n\t\t\t\t<\/div>\n\t\t\t\t\t<\/div>\n\t\t\t\t<\/div>\n\t\t<div class=\"elementor-element elementor-element-99527e9 e-flex e-con-boxed e-con e-parent\" data-id=\"99527e9\" data-element_type=\"container\" data-e-type=\"container\">\n\t\t\t\t\t<div class=\"e-con-inner\">\n\t\t<div class=\"elementor-element elementor-element-d988985 e-con-full e-flex e-con e-child\" data-id=\"d988985\" data-element_type=\"container\" data-e-type=\"container\">\n\t\t\t\t<div class=\"elementor-element elementor-element-509c87a elementor-align-center elementor-widget__width-inherit elementor-widget elementor-widget-button\" data-id=\"509c87a\" data-element_type=\"widget\" data-e-type=\"widget\" data-widget_type=\"button.default\">\n\t\t\t\t<div class=\"elementor-widget-container\">\n\t\t\t\t\t\t\t\t\t<div class=\"elementor-button-wrapper\">\n\t\t\t\t\t<a class=\"elementor-button elementor-button-link elementor-size-sm\" href=\"#\">\n\t\t\t\t\t\t<span class=\"elementor-button-content-wrapper\">\n\t\t\t\t\t\t\t\t\t<span class=\"elementor-button-text\">Les freins actuels au d\u00e9ploiement d\u2019un plan national<\/span>\n\t\t\t\t\t<\/span>\n\t\t\t\t\t<\/a>\n\t\t\t\t<\/div>\n\t\t\t\t\t\t\t\t<\/div>\n\t\t\t\t<\/div>\n\t\t\t\t<\/div>\n\t\t<div class=\"elementor-element elementor-element-2d3344d e-con-full e-flex e-con e-child\" data-id=\"2d3344d\" data-element_type=\"container\" data-e-type=\"container\">\n\t\t\t\t<div class=\"elementor-element elementor-element-d70fd41 elementor-align-justify elementor-widget elementor-widget-button\" data-id=\"d70fd41\" data-element_type=\"widget\" data-e-type=\"widget\" data-widget_type=\"button.default\">\n\t\t\t\t<div class=\"elementor-widget-container\">\n\t\t\t\t\t\t\t\t\t<div class=\"elementor-button-wrapper\">\n\t\t\t\t\t<a class=\"elementor-button elementor-button-link elementor-size-sm\" href=\"#\">\n\t\t\t\t\t\t<span class=\"elementor-button-content-wrapper\">\n\t\t\t\t\t\t\t\t\t<span class=\"elementor-button-text\">La mise en place d\u2019un projet pilote<\/span>\n\t\t\t\t\t<\/span>\n\t\t\t\t\t<\/a>\n\t\t\t\t<\/div>\n\t\t\t\t\t\t\t\t<\/div>\n\t\t\t\t<\/div>\n\t\t\t\t<\/div>\n\t\t<div class=\"elementor-element elementor-element-76340b0 e-con-full e-flex e-con e-child\" data-id=\"76340b0\" data-element_type=\"container\" data-e-type=\"container\">\n\t\t\t\t<div class=\"elementor-element elementor-element-a00c3c0 elementor-align-justify elementor-widget elementor-widget-button\" data-id=\"a00c3c0\" data-element_type=\"widget\" data-e-type=\"widget\" data-widget_type=\"button.default\">\n\t\t\t\t<div class=\"elementor-widget-container\">\n\t\t\t\t\t\t\t\t\t<div class=\"elementor-button-wrapper\">\n\t\t\t\t\t<a class=\"elementor-button elementor-button-link elementor-size-sm\" href=\"#\">\n\t\t\t\t\t\t<span class=\"elementor-button-content-wrapper\">\n\t\t\t\t\t\t\t\t\t<span class=\"elementor-button-text\">M\u00e9thodologie<\/span>\n\t\t\t\t\t<\/span>\n\t\t\t\t\t<\/a>\n\t\t\t\t<\/div>\n\t\t\t\t\t\t\t\t<\/div>\n\t\t\t\t<\/div>\n\t\t\t\t<\/div>\n\t\t<div class=\"elementor-element elementor-element-1e1c9c8 e-con-full e-flex e-con e-child\" data-id=\"1e1c9c8\" data-element_type=\"container\" data-e-type=\"container\">\n\t\t\t\t<div class=\"elementor-element elementor-element-d8915bf elementor-align-justify elementor-widget elementor-widget-button\" data-id=\"d8915bf\" data-element_type=\"widget\" data-e-type=\"widget\" data-widget_type=\"button.default\">\n\t\t\t\t<div class=\"elementor-widget-container\">\n\t\t\t\t\t\t\t\t\t<div class=\"elementor-button-wrapper\">\n\t\t\t\t\t<a class=\"elementor-button elementor-button-link elementor-size-sm\" href=\"#\">\n\t\t\t\t\t\t<span class=\"elementor-button-content-wrapper\">\n\t\t\t\t\t\t\t\t\t<span class=\"elementor-button-text\">Les 5 axes structurant le plan national<\/span>\n\t\t\t\t\t<\/span>\n\t\t\t\t\t<\/a>\n\t\t\t\t<\/div>\n\t\t\t\t\t\t\t\t<\/div>\n\t\t\t\t<\/div>\n\t\t\t\t<\/div>\n\t\t\t\t\t<\/div>\n\t\t\t\t<\/div>\n\t\t<div class=\"elementor-element elementor-element-91fd8c9 e-flex e-con-boxed e-con e-parent\" data-id=\"91fd8c9\" data-element_type=\"container\" data-e-type=\"container\">\n\t\t\t\t\t<div class=\"e-con-inner\">\n\t\t\t\t<div class=\"elementor-element elementor-element-1addc2b elementor-widget elementor-widget-image\" data-id=\"1addc2b\" data-element_type=\"widget\" data-e-type=\"widget\" data-widget_type=\"image.default\">\n\t\t\t\t<div class=\"elementor-widget-container\">\n\t\t\t\t\t\t\t\t\t\t\t\t\t\t\t<img fetchpriority=\"high\" decoding=\"async\" width=\"1024\" height=\"184\" src=\"https:\/\/aviyzcf2oz.ph-expertise.com\/wp-content\/uploads\/2024\/12\/Image1-2-1024x184.png\" class=\"attachment-large size-large wp-image-79\" alt=\"\" srcset=\"https:\/\/aviyzcf2oz.ph-expertise.com\/wp-content\/uploads\/2024\/12\/Image1-2-1024x184.png 1024w, https:\/\/aviyzcf2oz.ph-expertise.com\/wp-content\/uploads\/2024\/12\/Image1-2-300x54.png 300w, https:\/\/aviyzcf2oz.ph-expertise.com\/wp-content\/uploads\/2024\/12\/Image1-2-768x138.png 768w, https:\/\/aviyzcf2oz.ph-expertise.com\/wp-content\/uploads\/2024\/12\/Image1-2.png 1179w\" sizes=\"(max-width: 1024px) 100vw, 1024px\" \/>\t\t\t\t\t\t\t\t\t\t\t\t\t\t\t<\/div>\n\t\t\t\t<\/div>\n\t\t\t\t\t<\/div>\n\t\t\t\t<\/div>\n\t\t\t\t<\/div>\n\t\t","protected":false},"excerpt":{"rendered":"<p>Les maladies rares touchent aujourd\u2019hui pr\u00e8s de 2 millions de personnes en Alg\u00e9rie, soit environ 5% de la population. Pourtant, les solutions existantes restent insuffisantes : un diagnostic trop tardif, un acc\u00e8s difficile aux traitements et un manque de coordination p\u00e8sent lourdement sur les patients et le syst\u00e8me de sant\u00e9. Pour r\u00e9pondre \u00e0 cette urgence, [&hellip;]<\/p>\n","protected":false},"author":1,"featured_media":0,"parent":0,"menu_order":0,"comment_status":"closed","ping_status":"closed","template":"","meta":{"footnotes":""},"class_list":["post-2","page","type-page","status-publish","hentry"],"_links":{"self":[{"href":"https:\/\/aviyzcf2oz.ph-expertise.com\/index.php\/wp-json\/wp\/v2\/pages\/2","targetHints":{"allow":["GET"]}}],"collection":[{"href":"https:\/\/aviyzcf2oz.ph-expertise.com\/index.php\/wp-json\/wp\/v2\/pages"}],"about":[{"href":"https:\/\/aviyzcf2oz.ph-expertise.com\/index.php\/wp-json\/wp\/v2\/types\/page"}],"author":[{"embeddable":true,"href":"https:\/\/aviyzcf2oz.ph-expertise.com\/index.php\/wp-json\/wp\/v2\/users\/1"}],"replies":[{"embeddable":true,"href":"https:\/\/aviyzcf2oz.ph-expertise.com\/index.php\/wp-json\/wp\/v2\/comments?post=2"}],"version-history":[{"count":94,"href":"https:\/\/aviyzcf2oz.ph-expertise.com\/index.php\/wp-json\/wp\/v2\/pages\/2\/revisions"}],"predecessor-version":[{"id":521,"href":"https:\/\/aviyzcf2oz.ph-expertise.com\/index.php\/wp-json\/wp\/v2\/pages\/2\/revisions\/521"}],"wp:attachment":[{"href":"https:\/\/aviyzcf2oz.ph-expertise.com\/index.php\/wp-json\/wp\/v2\/media?parent=2"}],"curies":[{"name":"wp","href":"https:\/\/api.w.org\/{rel}","templated":true}]}}